
6
What is the thousands digit of 470611?
0
What is the tens digit of 413444?
4
What is the units digit of 6107305?
5
What is the units digit of 1434725?
5
What is the hundreds digit of 239142?
1
What is the units digit of 529857?
7
What is the thousands digit of 14739125?
9
What is the hundred thousands digit of 36078439?
0
What is the hundred thousands digit of 1745655?
7
What is the ten thousands digit of 380846?
8
What is the units digit of 665772?
2
What is the ten thousands digit of 454708?
5
What is the hundred thousands digit of 565571?
5
What is the ten thousands digit of 32695?
3
What is the thousands digit of 92329?
2
What is the ten thousands digit of 4550925?
5
What is the tens digit of 4065997?
9
What is the units digit of 3419003?
3
What is the hundred thousands digit of 645449?
6
What is the ten thousands digit of 14998429?
9
What is the millions digit of 1372691?
1
What is the hundreds digit of 1005838?
8
What is the thousands digit of 575394?
5
What is the ten thousands digit of 2511067?
1
What is the thousands digit of 18081?
8
What is the units digit of 7444688?
8
What is the hundreds digit of 4670203?
2
What is the ten thousands digit of 1193135?
9
What is the units digit of 970788?
8
What is the units digit of 4559448?
8
What is the units digit of 8368879?
9
What is the tens digit of 258093?
9
What is the millions digit of 11529589?
1
What is the thousands digit of 897695?
7
What is the hundred thousands digit of 12884895?
8
What is the units digit of 172822?
2
What is the units digit of 2689193?
3
What is the hundreds digit of 742317?
3
What is the ten thousands digit of 2817448?
1
What is the hundreds digit of 4023230?
2
What is the ten thousands digit of 2341397?
4
What is the units digit of 1220602?
2
What is the units digit of 602604?
4
What is the ten thousands digit of 2480375?
8
What is the units digit of 2673366?
6
What is the hundred thousands digit of 1459168?
4
What is the ten millions digit of 24742212?
2
What is the hundred thousands digit of 821854?
8
What is the thousands digit of 1469200?
9
What is the tens digit of 580695?
9
What is the tens digit of 361457?
5
What is the ten thousands digit of 537082?
3
What is the thousands digit of 1851445?
1
What is the units digit of 176911?
1
What is the millions digit of 14850693?
4
What is the tens digit of 7649806?
0
What is the hundreds digit of 190873?
8
What is the ten thousands digit of 5651882?
5
What is the units digit of 521626?
6
What is the millions digit of 14148862?
4
What is the millions digit of 1343014?
1
What is the tens digit of 206137?
3
What is the units digit of 436971?
1
What is the ten thousands digit of 1552404?
5
What is the ten thousands digit of 3306783?
0
What is the tens digit of 483254?
5
What is the hundred thousands digit of 11584834?
5
What is the thousands digit of 24717723?
7
What is the tens digit of 588295?
9
What is the tens digit of 3651983?
8
What is the hundreds digit of 1119117?
1
What is the ten thousands digit of 89919?
8
What is the hundreds digit of 29148?
1
What is the tens digit of 9716370?
7
What is the millions digit of 25106058?
5
What is the units digit of 23741?
1
What is the hundred thousands digit of 762046?
7
What is the hundreds digit of 2159334?
3
What is the ten thousands digit of 146065?
4
What is the units digit of 21740233?
3
What is the hundred thousands digit of 2749546?
7
What is the tens digit of 12233204?
0
What is the ten thousands digit of 899032?
9
What is the ten thousands digit of 3931108?
3
What is the hundreds digit of 857758?
7
What is the millions digit of 4605246?
4
What is the millions digit of 4437339?
4
What is the hundreds digit of 1752235?
2
What is the hundred thousands digit of 209021?
2
What is the thousands digit of 39093?
9
What is the hundreds digit of 228192?
1
What is the hundreds digit of 719671?
6
What is the hundred thousands digit of 11738970?
7
What is the tens digit of 3023?
2
What is the units digit of 27196?
6
What is the tens digit of 2994372?
7
What is the tens digit of 754792?
9
What is the millions digit of 1315189?
1
What is the hundred thousands digit of 21873990?
8
What is the units digit of 23563329?
9
What is the units digit of 1122400?
0
What is the units digit of 16017555?
5
What is the thousands digit of 160367?
0
What is the units digit of 249813?
3
What is the hundred thousands digit of 5215588?
2
What is the thousands digit of 201381?
1
What is the hundreds digit of 17099987?
9
What is the hundreds digit of 225143?
1
What is the hundreds digit of 31086662?
6
What is the tens digit of 2162306?
0
What is the units digit of 35581?
1
What is the ten thousands digit of 4338608?
3
What is the hundreds digit of 2070084?
0
What is the ten thousands digit of 6151367?
5
What is the units digit of 40221721?
1
What is the ten thousands digit of 444132?
4
What is the thousands digit of 2300833?
0
What is the tens digit of 99457?
5
What is the ten thousands digit of 44319?
4
What is the thousands digit of 3163920?
3
What is the hundreds digit of 2222248?
2
What is the hundred thousands digit of 518785?
5
What is the thousands digit of 750539?
0
What is the units digit of 73285?
5
What is the tens digit of 238522?
2
What is the hundred thousands digit of 106165?
1
What is the units digit of 1238426?
6
What is the ten thousands digit of 287601?
8
What is the hundreds digit of 14080713?
7
What is the tens digit of 88437?
3
What is the tens digit of 14993246?
4
What is the tens digit of 744120?
2
What is the units digit of 174405?
5
What is the thousands digit of 2856966?
6
What is the hundred thousands digit of 360509?
3
What is the hundred thousands digit of 7867044?
8
What is the thousands digit of 122991?
2
What is the tens digit of 5803045?
4
What is the tens digit of 884496?
9
What is the tens digit of 134894?
9
What is the hundreds digit of 9133810?
8
What is the thousands digit of 309596?
9
What is the ten thousands digit of 647031?
4
What is the units digit of 899710?
0
What is the units digit of 26585878?
8
What is the units digit of 82109?
9
What is the units digit of 4738689?
9
What is the hundreds digit of 13167836?
8
What is the units digit of 42949?
9
What is the hundreds digit of 19122949?
9
What is the ten thousands digit of 117928?
1
What is the tens digit of 41872?
7
What is the hundreds digit of 698375?
3
What is the units digit of 3915467?
7
What is the tens digit of 1091551?
5
What is the ten thousands digit of 5651994?
5
What is the tens digit of 14329308?
0
What is the tens digit of 652040?
4
What is the thousands digit of 299673?
9
What is the hundred thousands digit of 6483749?
4
What is the hundred thousands digit of 685394?
6
What is the tens digit of 32672819?
1
What is the hundred thousands digit of 20370942?
3
What is the units digit of 5507437?
7
What is the tens digit of 203708?
0
What is the ten thousands digit of 4680669?
8
What is the millions digit of 3546743?
3
What is the millions digit of 4691004?
4
What is the hundreds digit of 21882?
8
What is the units digit of 45859?
9
What is the units digit of 2118311?
1
What is the ten thousands digit of 133641?
3
What is the thousands digit of 43046?
3
What is the hundred thousands digit of 13799554?
7
What is the hundred thousands digit of 15267400?
2
What is the units digit of 775163?
3
What is the units digit of 412493?
3
What is the thousands digit of 192708?
2
What is the hundred thousands digit of 202360?
2
What is the units digit of 693136?
6
What is the units digit of 3764?
4
What is the ten thousands digit of 1174193?
7
What is the thousands digit of 301774?
1
What is the units digit of 7185018?
8
What is the thousands digit of 160915?
0
What is the tens digit of 237933?
3
What is the hundreds digit of 7768428?
4
What is the hundreds digit of 13207207?
2
What is the tens digit of 123676?
7
What is the millions digit of 4602397?
4
What is the tens digit of 1047239?
3
What is the thousands digit of 3935518?
5
What is the ten thousands digit of 25476?
2
What is the thousands digit of 207107?
7
What is the ten thousands digit of 93126?
9
What is the hundred thousands digit of 254429?
2
What is the hundreds digit of 827250?
2
What is the thousands digit of 9571346?
1
What is the mi